(o) = -2*o**2 + 4. Suppose -10*q = -4*q - 18. Give c(q).
-14
Let l(m) = 4*m**2 - m**2 + 2 - 3*m**2 - m**2 + m. Suppose 95 = 5*f + 3*o, 0 = -3*f - f + 2*o + 54. Suppose k + f = -k - 4*u, u = -4*k - 4. Calculate l(k).
2
Let r(l) = -l**2 - 11*l - 10. Let h be r(-8). Suppose 10 = -2*c + h. Let b(i) = i**3 - 2*i**2 - 1. Determine b(c).
-1
Let r(v) = -v**3 + 4*v**2 + 3*v + 4. Let l be -2*(12/(-3) - (-7 + 5)). What is r(l)?
16
Let h(m) = -9*m + 3. Let b(z) = z. Let l(f) = 2*b(f) + h(f). Suppose 122*k = 116*k + 12. What is l(k)?
-11
Let d(v) = v**2 + v - 2. Suppose 4*n + 22 = 5*t, 3*t + 4*n + 6 = -0. Suppose 2*m = -t, -5*a - m = -199 + 40. Let j = a + -30. Calculate d(j).
4
Let t(p) = -p**2 - 17*p - 22. Suppose 3 - 499 = 31*k. Determine t(k).
-6
Let a(g) = -g**3 + 9*g**2 - 9*g + 11. Let i be (2070/(-85))/(-3) - 2/17. What is a(i)?
3
Let c(r) = 3*r**2 - 7*r - 19. Let m(b) = 5*b**2 - 15*b - 37. Let n(a) = -9*c(a) + 4*m(a). Let d(p) be the first derivative of n(p). Calculate d(2).
-25
Let t(p) be the second derivative of p**3/6 + 3*p**2/2 - 4*p. Let w be 2 + (-28)/16 - (-1)/(-4). Suppose -2*d + w = 6. What is t(d)?
0
Let m(y) = y + 11. Suppose -4*l = 20, 3*i + 3*l + 33 = -0*l. What is m(i)?
5
Let b(o) = -o**3 + 8*o**2 - 8*o + 10. Let u be b(7). Let s(d) = -d**3 - d**2 + 1. Let f(y) = -4*y**3 - 2*y + 3. Let v(c) = f(c) - 3*s(c). Determine v(u).
-6
Let t = 353 + -350. Let i(n) = -n + 2. Calculate i(t).
-1
Let a be (0/(-2))/(2/(-1)). Let z(f) = 6*f - 14. Let b(u) = -3 + 0 - 5*u + 4 + 12. Let o(r) = 5*b(r) + 4*z(r). What is o(a)?
9
Let t(h) = h**2 + h. Let w be (-3 - -3) + 3 + 2. Suppose 2 = -w*k + 12. Suppose 4*r = 8 + 12, 0 = -3*l + k*r - 10. Calculate t(l).
0
Suppose 22 = -4*x + 14. Let z be x/(-10) + (4/20)/(-1). Let h(g) = -g**3 - 6. What is h(z)?
-6
Suppose -8 = 21*j - 17*j. Let q(t) = -3*t - 4. Let w(o) = 4*o + 6. Let k(f) = -7*q(f) - 5*w(f). Give k(j).
-4
Let t(a) = a + 1722 - 854 - 860. Let s(o) = 5*o - 1. Let p be s(-1). What is t(p)?
2
Let r(k) be the third derivative of k**5/30 + k**3/2 + 299*k**2. Give r(4).
35
Let y(z) = -z - 5. Let n(o) be the first derivative of -3/2*o**2 + 0*o + 2. Let k be n(2). Give y(k).
1
Let f(u) = 2*u**2 - 4*u + 4. Let s(j) = -3*j**2 - 12*j + 14. Let m(k) = 2*k**2 + 11*k - 15. Let q(b) = -4*m(b) - 3*s(b). Let g be q(5). Determine f(g).
10
Let j(z) = -13*z**2 + 19*z + 4. Let h(m) = -11*m**2 + 18*m + 3. Let r(l) = -6*h(l) + 5*j(l). Calculate r(14).
16
Let u(w) = -w**2 + 6*w + 3. Let t = -19 + 6. Suppose 0 = -5*b + 2*o + 80, -5*b - 2*o + 7*o + 65 = 0. Let s = t + b. Give u(s).
8
Let t(n) = -4*n**3 + n**2 - n. Suppose -5*m + 11 = 6. Calculate t(m).
-4
Let c = -16 + 24. Suppose -6*d + c*d = 36. Let l be (d/(-4))/(6/8). Let f(q) = q**2 + 8*q + 8. Give f(l).
-4
Let t(y) be the first derivative of 0*y + 4/3*y**3 - 7/60*y**5 + 3/8*y**4 + 8 - 1/120*y**6 - 7/2*y**2. Let u(i) be the second derivative of t(i). What is u(-8)?
0
Let o(z) = -z + 5 + 0*z + 0*z + 3*z. Let b(m) = m + 2. Let w(c) = 13*b(c) - 6*o(c). Calculate w(8).
4
Let a(r) = r**3 - r + 1. Let m be a(2). Let q(h) = h**2 - 6*h - 4. Let o be q(m). Let b(u) = -u**2 + o*u**2 + 7*u + 7 - u**2. What is b(-5)?
-3
Let z(k) = -k**2 + 4*k + 8. Let w be z(5). Let p(a) be the second derivative of 2*a**2 - 1/20*a**5 - 6*a + 0 - 5/6*a**3 + 1/3*a**4. Determine p(w).
-2
Let z(f) = 6*f - 1. Suppose -c = x - 4, 3*c - 14 = -2*x - 3*x. Suppose -6*i - 4*q + 11 = -c*i, -17 = -i - 4*q. Let v be 6 + i/1 - 0. Give z(v).
17
Let k(c) = 4 - 1 + 16*c + 6*c - 25*c. Let f(v) = v - 1. Let d(o) = -11*f(o) - 4*k(o). Determine d(4).
3
Let t be 9/6 + (-24)/(-16). Let z(d) be the second derivative of 1/3*d**t + 0 + 1/2*d**2 + 12*d. What is z(1)?
3
Let z(o) be the second derivative of o**4/12 + o**3 - 2*o**2 + 216*o + 2. Suppose -4*y = 7 + 21. Calculate z(y).
3
Let h = 131 + -131. Let l(q) = q + 5 - 7 + 7. Calculate l(h).
5
Let r(p) = -5*p + 7. Let h(l) = -2*l**3 + 13*l**2 - 14*l + 52. Let c be h(6). Calculate r(c).
-13
Let p(y) = 125 + y - 144 - 2*y. Give p(-16).
-3
Let m = 17 - 19. Let k(n) = n**2 + n - 8. Let w(c) = c**2 + 2*c - 7. Let a(y) = m*k(y) + 3*w(y). Determine a(-4).
-5
Let s = 8 + -3. Let j(b) = -b**2. Let t(v) = 3 - v - 2*v**2 + 5*v**2 - 77*v**3 + 76*v**3 - 5*v. Let i(k) = 3*j(k) - t(k). Give i(s).
2
Let t(j) = -5*j**3 - 1. Let o(n) = 5*n - 76. Let r = 22 + -7. Let i be o(r). Calculate t(i).
4
Let q be 0/1*((-34)/(-4) - 9). Let g(m) be the third derivative of 7/6*m**3 + 0 - 3*m**2 + q*m + 1/24*m**4. Determine g(-5).
2
Suppose 25 = -8*w + 3*w. Let u = w + -1. Let j(t) be the third derivative of t**5/60 + t**4/6 - 7*t**3/6 + 9*t**2 + 3*t. What is j(u)?
5
Let z = -7 - -10. Let v(x) = x**2 + 3*x. Let k(l) = 7*l + 2*l**2 + 2*l**2 + 5 - 2*l**2 - 4. Let i(c) = -2*k(c) + 5*v(c). Give i(z).
10
Suppose 119*u = 115*u + 36. Let y be (-20)/(-3) + ((-12)/u)/2. Let h(g) be the first derivative of g**4/4 - 5*g**3/3 - 7*g**2/2 - 2*g - 1. Give h(y).
-8
Suppose -6*g = -2*g. Suppose -m - 2*j + 17 = g, m - 3*j - 14 = -4*j. Let a(n) = -12*n + 0 - 2*n**2 - 1 + m*n - n**3. Calculate a(-2).
1
Let o be (5 + (2 - 5))*2. Let g(v) = -3*v - 6. Let w(u) be the second derivative of u**3/3 + 5*u**2/2 - u. Let y(a) = o*g(a) + 5*w(a). What is y(-2)?
5
Let u(n) = -22*n + 16*n - 12 + 5 - n**2. Let s = 123 - 129. Give u(s).
-7
Let c(n) = -4*n**3 - 5 + 7 + 6*n**2 + 3*n**3 + 5 + 5*n. Let m(a) = a**2 - 5*a + 7. Let h be m(5). Let p = 14 - h. What is c(p)?
-7
Let j(c) = 87 - 178 + 96 + c. What is j(6)?
11
Let c(j) be the first derivative of 2*j**3/3 - 39*j - 4. Let g(x) be the first derivative of c(x). Calculate g(1).
4
Let v be ((-3)/12)/((-5)/40). Suppose x = -v*x + 6. Let u(y) = -y**3 + y**2 - y. Calculate u(x).
-6
Let z(g) = -2*g - 2286 + g + 2284. Let k(y) = y**3 + 6*y**2 + 6*y + 5. Let x be k(-5). Give z(x).
-2
Suppose -3*o + 15 = 9. Suppose -19 - o = -7*w. Suppose 0*b + w*b - 6 = -3*y, y - b - 8 = 0. Let j(i) = i**3 - 4*i**2 - 6*i - 2. Determine j(y).
-7
Let n(c) = -2987*c + 5962*c + 4 - 2983*c. Give n(-4).
36
Suppose -7*p - 20 + 13 = 0. Let k(n) = 6*n**2 + 2*n + 1. What is k(p)?
5
Let k(f) be the second derivative of -f**8/6720 - f**7/630 - f**6/120 - f**5/40 + 11*f**4/6 + 3*f. Let l(m) be the third derivative of k(m). What is l(-4)?
21
Let a(c) be the second derivative of -c**5/60 - c**4/3 + c**3/2 + 17*c**2 + 22*c. Let w(o) be the first derivative of a(o). Determine w(-8).
3
Let z(n) be the second derivative of n**3/2 - 5*n**2/2 - 2*n. Suppose 20*c + 46 - 126 = 0. Give z(c).
7
Let n(h) = -h**2 - 5*h + 8. Suppose -o - 3*y - 3 = 1, -2*o = -y + 15. What is n(o)?
-6
Suppose 5*s - 10 = 0, 5*s + 0 = -3*o + 4. Suppose -3*t = 4*w + 10 - 40, 0 = -2*w - 5*t + 22. Let b be o*3/9*w. Let a(d) = 3*d + 6. Determine a(b).
-6
Let o(x) = 3*x - 6. Let t be o(4). Let b(i) = t*i + 9 - 5 - i - 3*i. What is b(-6)?
-8
Let k(h) be the first derivative of 5*h**2 - 58*h + 195. Calculate k(6).
2
Let w(i) = -i**3 + 7*i**2 + 6*i + 11. Let t(s) = s**3 - 32*s**2 - 66*s - 60. Let h be t(34). Determine w(h).
-5
Suppose -5*y + 17 = t, -3*t - y = t - 11. Suppose 4*z + 15 = d + 3, -5*z - 15 = 3*d. Let u(h) = 0 - h + 4 - 2 + d*h. What is u(t)?
0
Let i(w) = -w**2 + 8*w - 9. Let k = 34 - 29. Suppose -k*s + d + 34 = 0, d + 8 = -d. What is i(s)?
3
Let a(z) = z**3 + 2*z**2 - 2*z + 69. Let r(s) = -2*s**3 - 5*s**2 + 4*s - 127. Let n(g) = -11*a(g) - 6*r(g). What is n(-9)?
-60
Let x = -4 + 6. Let a(p) be the third derivative of -17*p**2 - 1/20*p**5 + 0 + 1/12*p**4 - 1/3*p**3 + 0*p. Give a(x).
-10
Let u(t) = -3*t - 16. Suppose 15*o + 33 + 57 = 0. Determine u(o).
2
Let c(f) be the second derivative of -f**5/20 - f**4/4 - f**3/3 + f**2/2 + 3*f - 16. Determine c(-3).
7
Let l(q) = -q**2 + q. Let v(o) = -6*o**2 - 2*o. Let x(c) = 3*l(c) - v(c). Give x(-4).
28
Let d(h) = 19*h**2 + 8*h - 8. Let x(j) = -67*j**2 - 24*j + 25. Let l(p) = -7*d(p) - 2*x(p). Determine l(9).
15
Let h(m) be the first derivative of m**4/4 + 4*m**3 + 5*m**2 - 4*m + 87. What is h(-11)?
7
Let i(r) = -2*r**2 + r + 2. Let p(x) = -9*x**2 - 3*x + 1. Let w(t) = -4*i(t) + p(t). Give w(-7).
-7
Let u be -18*((-2)/(-6))/1. Let d(z) = z**3 + 5*z**2 - 5*z - 8. Calculate d(u).
-14
Suppose 16 = -7*a + 2. Let o be (-2)/(a*(-3)/(-6)). Let z(k) = 2*k - 9*k**o + 5*k**2 + 5*k**2 + 2*k**2 - 2. What is z(-2)?
6
Let c(p) = -